)/(-1*(-3)/(-2631)). Suppose -2*t + 880 = -2*n, 0 = -2*t + 6*n - n + y. What is the greatest common divisor of 9 and t?
9
Let p = -14945 - -15017. Calculate the greatest common factor of 333 and p.
9
Suppose 4*j + o - 292 = 0, 78 = 4*j - 4*o - 234. Let b be (43 - (-6 - -11))*(0 + 1). Suppose g - j = b. Calculate the greatest common divisor of 14 and g.
14
Let o(g) = -g**2 + 5*g + 231. Let w be o(-10). Calculate the greatest common divisor of w and 2619.
27
Let l be ((-30)/(-3) + -8)/(0 - -2). Let n(d) = 159*d**3 + d**2. Let c be n(l). Calculate the highest common divisor of 16 and c.
16
Suppose -196113 = -5*t + 234*c - 236*c, -t + 39213 = 10*c. What is the highest common factor of t and 61?
61
Let m(b) = 6*b**2 - 27*b + 30. Let j be m(19). What is the highest common divisor of j and 2057?
187
Let f(y) = 5*y + 10. Let m be f(2). Let t be m*1/7*21/6. Suppose s - 40 = -s. What is the greatest common divisor of t and s?
10
Let s(y) = 41*y - 5079. Let z be s(134). Calculate the greatest common factor of 1577 and z.
83
Suppose 2484 = 22*i - 4380. Let o be i/(-13)*2/(-3). Calculate the highest common factor of o and 272.
16
Let r(d) = -d**3 + 11*d**2 - 11*d + 25. Let m be r(7). What is the highest common divisor of m and 240?
48
Let y = -64 - -252. Let d = -39044 - -39048. What is the highest common divisor of y and d?
4
Let w = -12116 + 12269. What is the highest common divisor of 144 and w?
9
Suppose 4*k - 785 = 3*f, 69*k - 65*k = 4*f + 780. What is the highest common divisor of 30 and k?
10
Let n be 28 + -35 + 17 - 4*-1. Let x be -16*3*2/(-4). Let q = x - -32. What is the greatest common factor of n and q?
14
Let a = -94 + 166. Suppose 2*t = -0*t + 94. Suppose -4*g = -t + 11. Calculate the greatest common factor of g and a.
9
Let r = 335 + -328. Let x be 1/3 - (r - 123/9). What is the highest common factor of x and 35?
7
Suppose -13*p = 3*p - 480. Suppose -5*u = -3*i - 10*u + 19, -3*i + 3 = -3*u. Suppose -i*a = a - 40. Calculate the greatest common divisor of a and p.
10
Suppose 0 = 3*o - 102 - 42. Let g = -7 + 13. Calculate the greatest common factor of o and g.
6
Let b(z) = z**3 - 9*z**2 + 2*z + 46. Suppose -27 = -x - 2*x. Let r be b(x). Suppose -4*h = -0*h - 32. Calculate the highest common factor of r and h.
8
Let w be (1 - 25/(-10))*(-836)/(-14). Calculate the greatest common factor of w and 285.
19
Let k(m) = -m**3 + 35*m**2 + 33*m + 110. Let o be k(36). Suppose 5*i + 4*b - 60 = 107, -o*i = -8*b - 86. Calculate the greatest common factor of i and 665.
35
Suppose -4*z = 2*k, -3*k = -4*z + 2*z - 8. Let p(l) = -l**2 - 4*l + 235. Let j be p(13). What is the highest common divisor of j and k?
2
Suppose i - 3*b = -0*b + 2, 5*i - 4*b - 10 = 0. Suppose -3*p + 20 = 5*q + i*p, 2*q - 5*p = 22. What is the greatest common divisor of q and 15?
3
Let g be (24 - -8) + 4 + -11. Suppose -g*v = -16*v - 1278. What is the highest common divisor of v and 497?
71
Suppose -2*h + 486 = h. Suppose -4*g = -510 + h. Let v = 157 - g. Calculate the highest common divisor of 28 and v.
14
Let t be -15 + 25/(575/588547). Calculate the highest common factor of t and 38.
38
Suppose -169 - 155 = -9*h. Let m(c) = c**3 + 4*c**2 - 3*c - 12. Let u be m(5). What is the highest common factor of h and u?
18
Let w be 31 - 5 - -2 - -1. Suppose 14*l + 127 = w. Let x be ((-328)/(-16) + l)*10/3. Calculate the greatest common factor of 5 and x.
5
Let h(u) = u**3 + 4*u**2 - 3*u - 2. Let c(p) = p - 6. Let n be c(3). Let w be h(n). Suppose 0 = z - 19 + w. Calculate the greatest common factor of 1 and z.
1
Suppose -3*q + 15 = c, c + 4*c - 75 = 2*q. Calculate the highest common factor of 123 and c.
3
Let m(s) = -s**3 + 8*s**2 + 22*s - 10. Let g be m(10). Calculate the highest common factor of g and 134.
2
Let j be 1 + ((-3407)/18 - (-30)/(-135))*-2. What is the greatest common divisor of j and 70?
10
Suppose -5*n = j - 2*n - 55, -4*j + 236 = -4*n. Suppose -31 + j = y. Calculate the highest common divisor of 12 and y.
3
Let f = 1904 - 1610. Let t be -12*3/(3*-2). Suppose -210 = x - t*x. Calculate the highest common factor of f and x.
42
Let i(c) = 14*c - 2. Let n(d) = d**3 - 7*d**2 + 7*d - 4. Let x be n(6). Let w be i(x). Suppose 2 = -2*h + w. What is the greatest common divisor of 30 and h?
6
Let t be 13 - 11/((-77)/19390). Calculate the greatest common divisor of t and 115.
23
Let y(q) = 277*q - 10. Let t(x) = 3*x + 47. Let i be t(-15). Let l be y(i). Calculate the highest common factor of 17 and l.
17
Let v(b) = 2*b + 23. Let g(j) = j**2 + j - 2. Let m(q) = g(q) + v(q). Let l be m(-19). What is the highest common divisor of l and 26?
13
Let s be (-14)/(-10) + (-19552)/(-470). What is the greatest common factor of 1849 and s?
43
Let c be 5/(-35) + (80397/(-21))/(10 + -13). Calculate the highest common factor of c and 396.
44
Suppose -2*u + 290 = 5*q, 4*u + 0*u + 320 = 5*q. Let g = 1363 - 1267. What is the highest common divisor of q and g?
12
Let t = 19339 + -19230. Calculate the greatest common divisor of t and 5.
1
Let m be (-5 - -7)*(1143/18 + 7). Calculate the greatest common factor of m and 611.
47
Let k(m) = 33*m - 465. Let y be k(15). Calculate the greatest common factor of 3780 and y.
30
Suppose 2583 = 3023*x - 3014*x. Calculate the highest common divisor of x and 205.
41
Suppose 42*b - 41*b - 111 = 0. Suppose 7*p - 12*p - 5*y = -645, 5*y + b = p. What is the greatest common factor of p and 36?
18
Suppose -r = 4*p - 81, -p + 24 = -5*r + 4*r. Suppose 0 = 10*h - 3578 - 2092. Calculate the greatest common factor of p and h.
21
Let j = -293 + 295. Suppose 0 = s - j*t - 8, -10 + 4 = 2*t. Calculate the greatest common divisor of 206 and s.
2
Let z be (4 + -4)*(2 + -3). Suppose -45*l + 28*l + 51 = z. What is the highest common factor of l and 243?
3
Suppose 0 = 2*l - 419 + 2279. Let s = l + 1336. Calculate the highest common divisor of s and 58.
58
Let d be ((-240)/28)/1*273/(-39). Calculate the greatest common divisor of 2715 and d.
15
Let t be -54 - -55 - (0 - 47). Suppose 15*u - 1521 + 261 = 0. What is the highest common divisor of t and u?
12
Let f(s) = -114*s - 4267. Let k be f(-38). Suppose 3*j - 752 = 613. Calculate the greatest common divisor of k and j.
65
Suppose 246*t = 193*t + 1749. Let p be 4*((-186)/(-8))/3. Suppose -t*r + p*r + 52 = 0. What is the highest common divisor of r and 26?
26
Let o(i) be the third derivative of -i**6/120 + i**5/10 + 29*i**4/24 - 3*i**3/2 + 77*i**2 - 2. Let q be o(8). Calculate the highest common divisor of q and 38.
19
Suppose 691*v + 175570 = 872*v. Calculate the highest common divisor of 600 and v.
10
Suppose 25*x - 12 = 22*x. Suppose 0*s - x*w = -s + 36, -5*w = 2*s - 20. Suppose 0 = s*o - 25*o + 220. Calculate the greatest common factor of 4 and o.
4
Let s(y) = -y**2 + 5*y - 1. Let r be s(4). Suppose -5*v + 92 = 3*u, -4*v = 2*u - r*u + 8. Let n be 5/(6/u*10). What is the highest common divisor of 4 and n?
2
Suppose -404*u + 383*u + 34629 = 0. What is the greatest common divisor of u and 68?
17
Suppose -4*d = -3*g + 98622, -134*d = -3*g - 137*d + 98664. What is the highest common divisor of g and 82?
82
Let r = 14 + 17. Let d = 78 - r. Suppose d*v - 20 = 43*v. What is the greatest common divisor of 20 and v?
5
Let m(n) be the second derivative of -n**5/20 - 5*n**4/6 - 5*n**3/6 + 2*n**2 - 59*n. Let p be m(-10). Calculate the highest common factor of 81 and p.
27
Let t(b) = 73*b**2 - b + 16. Let r be t(-4). What is the highest common factor of r and 55?
11
Let t be (1 - 1144/(-6))/(53/(-18) - -3). Calculate the greatest common factor of 15 and t.
15
Suppose -i + 4 = -2*o, 0*o - 2*o + 4*i = 10. Let a be ((-100)/(-5))/(o/(-1)). Let j = -317 - -417. What is the highest common factor of j and a?
20
Let i(c) = -c**3 + 30*c**2 - 47*c - 19. Let f be i(28). Suppose -8*p + 247 = -f. What is the highest common divisor of p and 78?
6
Let j(p) = -p**3 + 18*p**2 + 47*p - 95. Let f be j(20). What is the highest common factor of 558 and f?
9
Suppose -4*c - 2*u + 61 = 3*u, -u = -2*c + 13. Let q = 5 + -1. Suppose q*g = 12 + 96. Calculate the highest common divisor of c and g.
9
Let z(i) = 243*i**2 - 2*i - 1. Let k = -119 + 202. Let n = 84 - k. Let y be z(n). What is the highest common factor of y and 30?
30
Suppose -4*x = -8*x + 52. Let a = -9 + x. Suppose -6*f 